t t be m(3). Let c be 14/1 + t - -1. Suppose d - 4*r + c = 0, -3*d - 19 = -3*r - 2*r. What is the units digit of d?
2
Let r(h) = h**2 + 2*h + 2. Let y be r(3). Suppose -2*u = -0*u - 50. Let t = u - y. What is the units digit of t?
8
Let j(l) = 13 - 15 + 43*l**2 - 2*l - 4*l**2. What is the tens digit of j(-1)?
3
What is the tens digit of (-121)/(-5 - (-20)/5)?
2
Let t be 2 + -4 - 2/(-1). Suppose t*v + 4*v = 4. Let m = v + 6. What is the units digit of m?
7
What is the units digit of (-2)/6*0 + 9?
9
What is the units digit of 702/21 - (-3)/(-7)?
3
Let t(o) be the first derivative of o**3/3 + 4*o**2 + 7*o + 5. What is the units digit of t(-8)?
7
Let i = -10 - 20. Let h = -15 - i. What is the tens digit of h?
1
Let y = 13 - -30. What is the units digit of y?
3
Let j = 19 + -9. Let h = j - 7. Suppose 4*i = -0*a + a - 21, 0 = -i - h. What is the units digit of a?
9
Suppose 15*h = 979 + 1196. What is the hundreds digit of h?
1
Let q(o) = 3*o**3 + 6*o**2 + 8*o - 5*o**3 + o**3 + 2. What is the units digit of q(7)?
9
Let r = -12 - -22. Suppose 0 = -f - r + 13. What is the units digit of f?
3
Suppose 65 = -5*p + y, y + 2*y + 15 = 0. Let c = p + 26. What is the units digit of c?
2
Let n(f) = -f - 3. Let k be (-3)/6 - (-458)/(-4). Let g be 4/(-10) - k/(-25). What is the units digit of n(g)?
2
Suppose 3*h - 943 = -5*y + 4*h, -2*h - 194 = -y. What is the hundreds digit of y?
1
Let h(i) = 3*i**2 + 2*i - 2. What is the units digit of h(2)?
4
Let f(i) = 17*i - 23. What is the tens digit of f(9)?
3
Let o(u) = u - 5. Let w be o(11). Suppose -4*x + 26 + w = 0. What is the units digit of x?
8
Let g = -289 + 541. What is the hundreds digit of g?
2
Let p = -28 + 52. Suppose 4*i = -0*i + p. What is the units digit of i?
6
What is the units digit of (-2*(-8)/(-48))/(2/(-564))?
4
Let b = -28 + 132. Let d = b + -67. Suppose 4 = a - z, -2*a - d = -6*a - 3*z. What is the units digit of a?
7
Suppose 0 = 5*w - 0 - 10. Suppose -5*b - 3*j + 119 = 27, w*j - 8 = 0. What is the tens digit of b?
1
Let k(b) = -b + 4. Let s be k(2). Suppose s = -5*a + 12. What is the units digit of a?
2
Let o = -55 - -93. What is the tens digit of o?
3
Let f = -6 + 10. Let m be f/10 + (-35)/25. What is the units digit of ((-4)/(-8))/(m/(-16))?
8
Suppose 5*w - 3 = 2*j, -5*j + 2*w = -14 - 10. What is the units digit of -2*3/(-6)*j?
6
Let f = -20 + 33. What is the units digit of f?
3
Let u(z) = 3*z**3 - 2*z**2 + 4*z - 4. What is the tens digit of u(3)?
7
Let x = -199 + 102. Let m = -68 - x. What is the units digit of m?
9
Suppose 0 = 3*b - 4 - 2. What is the units digit of b + 2*(-2)/4?
1
Let k(d) = d**2 - 12*d + 8. Let i be k(8). Let w = 59 + i. What is the units digit of w?
5
Suppose -2*j = -5*l + 36, 2*l - 6 = -2*j - 0*j. Let a = 93 + -91. Suppose g + a = m + 2*m, -5*g + l = m. What is the units digit of g?
1
Suppose -89 - 246 = -5*g. What is the units digit of g?
7
What is the units digit of ((-1825)/(-30) + 2/12)*1?
1
Suppose -3*w + 59 = 5*n, -4*n + w = 3*w - 46. Let m be (8/n)/(2/10). What is the units digit of (-2)/((2 - m) + 1)?
2
Suppose -12 = -3*j + c, -3*j = 2*c - 0*c - 21. Suppose 0 = j*x - 0*x - 35. What is the units digit of x?
7
Let n(z) be the second derivative of 1/12*z**4 + 1/2*z**3 + 0 + 2*z + 1/2*z**2. What is the units digit of n(-3)?
1
Let o = -5 - -9. Suppose -o*p + 0*p = 816. What is the units digit of p/(-16) - (-2)/8?
3
Let b be (-39)/(-15) - (-4)/10. Let d(k) = 3 - 2*k**b + 0*k**3 - 2 - k - 3*k**2. What is the units digit of d(-2)?
7
Let g(x) = 6*x - 3 - 2*x - 3*x. Let w be g(6). Suppose -4*b + 25 = 5*d, 8*d - w*d = 3*b - 10. What is the units digit of d?
1
Let s(y) = y + 11. What is the tens digit of s(0)?
1
Suppose 40*c - 620 = 36*c. What is the tens digit of c?
5
Let w = -1 - -21. What is the tens digit of w?
2
Let s(x) = -4*x - 7. What is the tens digit of s(-7)?
2
Let b(x) = x**2 + x + 2 + 2*x**2 - 7*x**2 + 3*x**2. What is the units digit of b(0)?
2
Let l be (36 + -5)*(-1 + 0). Let q = -19 - l. What is the units digit of q?
2
What is the tens digit of (-168)/(-15) - 1/5?
1
Let c be (-5 - 1)/(-4 + 2). Suppose -4*f + 2*k + 96 = 0, -k + c + 1 = 0. Suppose 3*t + 27 = 2*m - 0*m, -f = -2*m + 2*t. What is the tens digit of m?
1
Suppose 2*b - 12 = -b - 2*i, 2*i + 4 = 5*b. Suppose 5 = b*g + 1. Let m(z) = z**3 - 1. What is the units digit of m(g)?
7
Suppose 4*s - 13 = -1. Suppose 8 + 1 = s*x. Suppose -u + x = -0. What is the units digit of u?
3
Suppose -185 = -3*g - 56. Let v = g + -30. Suppose r - v = -3. What is the units digit of r?
0
Suppose 7*g - 73 = 403. What is the tens digit of g?
6
Let v be (1 + -3 - -3)*-7. Let s = 5 - -6. Let j = s + v. What is the units digit of j?
4
Suppose 0 = -3*r - 2*y + 84, 3*r + r + 3*y = 112. Suppose r = l + f, -f + 76 = -l + 4*l. What is the units digit of l?
4
Let b = 83 + 10. Suppose -4*i - x = -73, -6*i + 2*i = 5*x - b. What is the tens digit of i?
1
Suppose 2*z = -0*z + 2*a - 288, 5*a = -z - 168. Let n(k) = 2*k - 4. Let u be n(-6). What is the units digit of 2/(-8) + z/u?
9
Let g = 2 + 0. Let f = g - 2. Suppose f = 5*q - 40 - 5. What is the units digit of q?
9
Let t(q) = q - 2. Let w be t(2). Suppose 0*i + i + 17 = w. Let v = 26 + i. What is the units digit of v?
9
Let n(k) = -3*k**3 - k**2 + 3*k + 3. Let i(p) = -p. Let b be i(2). What is the tens digit of n(b)?
1
Let h(c) = 3*c - 3. What is the units digit of h(7)?
8
Let m(n) = 6*n - 6. What is the tens digit of m(5)?
2
Suppose 0 = 2*d + 10. Let w = -4 - d. What is the units digit of w?
1
Let z(x) = 11*x. Let f be z(3). Suppose f = 5*o - 87. What is the tens digit of o?
2
Let p(o) = 3*o**3 + 4*o**2 + 4*o + 2. Let k be p(-2). Let h = k - -26. What is the tens digit of h?
1
Let w = 3 + -7. Let f be (1 + w)*(-4)/6. What is the units digit of (7 - 0)/(2/f)?
7
Let z be 2 + (-118)/(-4)*-2. Let v = -31 - z. Let k = v - 16. What is the tens digit of k?
1
Let v(b) = b**3 + 2*b**2. Let k be v(-2). Let t = 1 - k. Suppose -2*i + 10 = 0, 4*g = 2*i - t + 7. What is the units digit of g?
4
Let z be 4/1 + 3/(-3). Suppose 5*l = z*l + 26. Suppose -2*q - 4*m = -m + l, -4*m - 21 = -q. What is the units digit of q?
1
Let c = 7 + 4. Suppose 5*h + k = -k + 101, h + 5*k = c. What is the tens digit of h?
2
Suppose h + 0*h + 14 = 3*w, -4*w - 4*h = -24. Suppose -w*n + 39 + 36 = 0. What is the tens digit of n?
1
Suppose 0 = -0*f + f. Suppose -b + f*b = -14. What is the tens digit of b?
1
Let n be 1 - (1 - (-2)/2). Let i be n + 2 + -3 + 26. Let u = i + -15. What is the units digit of u?
9
Suppose 0 = -3*g - 10 - 29. Let o = -9 - g. Suppose -o*v = -v - 3. What is the units digit of v?
1
Let z be 0 - -2 - -1*2. Let j = 1 + z. What is the units digit of j?
5
What is the units digit of (5/10)/(1 + (-42)/44)?
1
Let n(j) be the first derivative of -j**2/2 + 8*j + 1. Let a = -2 - -2. What is the units digit of n(a)?
8
Suppose 15 = -5*l, 0 = a - 0*l - 3*l - 40. What is the units digit of a?
1
Let d = -38 + 84. What is the units digit of d?
6
Let q(c) = -c**3 + 1. Let w be q(1). Let h(l) be the third derivative of -l**4/24 + 13*l**3/6 - 5*l**2. What is the units digit of h(w)?
3
Let m(t) = -t**3 + 10*t**2 - 9*t - 2. What is the tens digit of m(8)?
5
Let w(v) = -14*v + 1. Let j be w(-1). Let h = -8 + j. What is the units digit of h?
7
Let d(o) = o**2 + 7*o + 5. What is the tens digit of d(-10)?
3
Let v(f) = -3*f**2 - 2 + 2*f**2 + 3*f + 4*f**2 + 3. What is the units digit of v(-2)?
7
What is the tens digit of 1630/60 - 2/12?
2
Suppose -2*h = -i - 13, 3*h + h = 3*i + 31. Suppose -h*g + 0*l = -5*l - 160, 3*l + 200 = 5*g. What is the units digit of g?
0
Suppose 305 = 12*j - 931. What is the hundreds digit of j?
1
Let j be ((-24)/(-9))/(-2)*-3. Let i be 8/(j + (1 - 3)). What is the units digit of (3/(-6))/((-2)/i)?
1
Suppose 5*x = 4*u - 183, -4*x - 2*u - 84 = 78. Let t = x - -25. Let y(q) = -q. What is the tens digit of y(t)?
1
Let m = 62 + -21. What is the units digit of m?
1
Let b be 2/(-2 - 32/(-15)). Let x be (5 - -1)*(2 + 2)/(-4). Let r = x + b. What is the units digit of r?
9
Let l = -6 + 8. Let o(v) = -8*v**2 - 5 - v**3 + 0*v**l + 0*v**3 - 3*v. What is the tens digit of o(-8)?
1
Suppose m = 5*m + 112. Let c = -16 - m. What is the units digit of c?
2
Let x(w) = -9*w**3 + 2*w**2 + 2*w + 1. Suppose 2*p + 0*z - 3*z = -17, 5